 - (3 - 9)))?
-38
-9 + 0 - (23 + 1 + (-29 - -18))
-22
What is the value of 8 + (3 - (10 - -2) - -22)?
21
What is the value of 23 + -27 - 0 - (2 - 2)?
-4
843 + -854 - (-1 + -3)
-7
What is the value of 10 - (5 + -10 - (-2 - 6))?
7
What is the value of (-1 - (19 - 18)) + -18?
-20
What is the value of (6 - 57 - -43) + (10 - (-1 + 2))?
1
(-3 - -13) + -2 + -32 + 11
-13
What is the value of 2 - (-2 + (5 - (4 - 1 - 8)))?
-6
What is the value of 3 + (8 - 21 - -1 - -26)?
17
What is the value of (-1 - 14) + 18 + 6?
9
What is the value of 31 + -41 - (4 - 13)?
-1
26 + -1 + 38 - 37
26
What is the value of 6 - (-4 - 22) - 36?
-4
Evaluate -2 + 9 - (8 - (5 - -4)).
8
Evaluate 10 - ((1 - 2) + -18 + 4).
25
Evaluate 27 - 0 - 26 - (-1 - (0 + 2)).
4
-9 + (-10 - -8 - 8) + 7
-12
Evaluate -16 - -19 - 8 - -8.
3
What is the value of -2 - 14 - (19 - 4 - 19)?
-12
Calculate -19 + (21 - (10 + 7)).
-15
What is the value of -6 + 16 + -6 + (10 - 28) + 1?
-13
13 - (4 - -3) - -3 - (2 - -21)
-14
22 + (-11 - (8 + -19 - -9))
13
Calculate (8 - -5) + -54 + 24 - 2.
-19
What is the value of -15 + 12 + -14 - -27?
10
(-5 - (1 + -2 - -1)) + -3 + 20
12
Evaluate 1 + -3 - (28 - (47 - 21)).
-4
What is (5 - -12 - (13 - (6 - 1))) + -1?
8
1 - -12 - (2 + 2) - -6
15
(-1 - 12 - -14) + -3 + 1 + 18
17
What is -8 + 5 + (2 - (-1 - 2)) + -10?
-8
What is the value of (-1 - -5) + (-23 - -14)?
-5
What is (-2 - 2) + (-421 - -436)?
11
What is (4 + -3 - -7) + 0 - (12 - 22)?
18
Evaluate (-20 - (-3 + 13)) + 38.
8
What is 13 - ((-7 - 9 - -8) + 6)?
15
Evaluate 39 + -32 + (3 - -2 - (7 - -15)).
-10
What is the value of (28 + -34 - 0) + 1 + -7 + -2?
-14
What is the value of -164 + 155 - (6 - (1 + -4))?
-18
-12 + 42 + -21 + -22
-13
What is the value of 3 + 0 - ((-1 - (0 - -3)) + 4)?
3
-186 + 176 - (-1 + -19)
10
Evaluate (28 - 4) + -7 + -21 + 18.
14
-6 + -5 + 0 - (-2 + -3) - 7
-13
33 - 0 - 58 - -33
8
Calculate (15 - (-11 + -8 + 47)) + -12.
-25
Evaluate 9 + (-32 - -12) + 19.
8
What is 2 + 1 - (8 - (1 - -2))?
-2
Evaluate (-1 - 25) + 312 + -266.
20
Evaluate 2 + -1 + (1 - 1) - 11.
-10
What is the value of 3 + -1 + -10 + 154 + -134 + -8?
4
35 + -42 + 0 + 28 + -15
6
What is 2 + 0 + 1 - (-6 + (22 - 16))?
3
What is the value of -2 + -19 + 1 + -4 + 7?
-17
-7 + (1 - (-3 - -8 - 9)) - 6
-8
Calculate (6 - 19 - -11) + -5 + -10.
-17
Calculate 17 + (-23 - -18) + -34 + 0.
-22
What is the value of 27 - 18 - (4 - 8 - 9 - 0)?
22
What is (-8 + -1 - -6) + 2 + (5 - -1)?
5
What is (5 + -12 - -3) + (-1 - -8)?
3
What is the value of 5 + (0 - (-1 + 7))?
-1
-2 + (-7 + -2 - -18)
7
What is (-3 - -1 - (19 + -26)) + 1 - -3?
9
What is -7 - (1 - 1 - ((8 - -9) + -18))?
-8
Calculate (-10 - -12) + -9 - (6 + (-28 - -8)).
7
What is the value of (-66 - -18) + 44 + 2 + 13?
11
Evaluate (34 - 26 - 89) + 44.
-37
Evaluate 1 + 9 + -1 + 2 + 8 + -8.
11
21 + (-2 - (-14 + 26 + (-8 - 1)))
16
Calculate (3 - 13) + (26 - 0 - 36).
-20
What is (-16 - -15) + (-2 - -6 - -2 - 18)?
-13
What is -12 + (2 - (15 + -5) - -14 - 6)?
-12
21 - 27 - (3 + -5)
-4
-3 + -4 + -14 + 20
-1
Calculate (-23 - -25) + -2 + 15 - (9 + 0).
6
What is -3 - 16 - -3 - ((-10 - -24) + -16)?
-14
Calculate (-2 - (1 + -2)) + (-90 - -89) + -9.
-11
Calculate -4 - 1 - (-17 - 0).
12
What is the value of (-22 - -10) + 9 + 0?
-3
Calculate (-3 + -1 - 6) + 81 + -86.
-15
43 - (58 - 28) - 20
-7
Evaluate -27 + -27 + 84 + -22.
8
Calculate -9 - (-6 - -10 - 0 - 25).
12
(-12 - (-8 - -11)) + 11 + 6
2
What is (-2 - 0) + (-15 + 23 - (10 - -2))?
-6
74 - 55 - (-3 - 8)
30
What is 31 + -43 + (-4 - 0) - -3?
-13
Calculate (-10 + (-5 - 3) - (-3 + -7)) + 23.
15
Calculate -9 + -7 + 10 + (14 - -27).
35
What is the value of -7 - ((19 - 20) + -4)?
-2
(21 - 3) + -2 + (-9 - -1)
8
(-7 - 7) + 9 - 2
-7
Evaluate (-139 - -107) + -3 + -3 + 4 + 4.
-30
What is the value of -1 - 3 - (12 - 18) - (0 - 11)?
13
What is 3 - (-3 + 6 + -5 - -7) - -11?
9
Evaluate 34 - 1 - (-9 + 1 + (124 - 119)).
36
What is -7 + 0 - (-156 + 144)?
5
Evaluate -4 + -11 + 5 + 5 - (9 - 25).
11
29 - 1 - (-60 - -74)
14
What is 24 + 10 + -37 + 9?
6
What is -20 - -21 - (-12 - -27)?
-14
Evaluate -2 + 16 + (-273 - -280 - (-1 + 1)).
21
Evaluate -3 - ((1 - 5) + (1 - -23) + -5).
-18
Evaluate -8 + 4 + 12 - (0 - -4 - 0).
4
Calculate 4 - (18 + (12 - 15)).
-11
What is -8 + 18 + -1 + -7 + 4?
6
What is the value of (10 - (25 + -9)) + 14?
8
What is -11 + -1 - (15 + (-83 - -71))?
-15
What is the value of 5 - (1 - 1) - 3 - (-113 - -107)?
8
What is -11 - (-24 - -7 - 10)?
16
Evaluate (0 - (0 + 16)) + (-5 - 87 - -95).
-13
Evaluate 6 - (9 + (-28 - -8) + 4).
13
What is 6 - ((9 - (1 - 1)) + -18 - -12)?
3
Calculate (11 - (-10 - (-8 + 3))) + 11.
27
Calculate 45 + -6 + -13 + -8.
18
(11 - 0) + (-276 - -273)
8
Evaluate -3 + (-5 - (36 + -25 + (1 - 0))).
-20
What is -1 - (5 + 1 - (0 + (-7 - -8)))?
-6
0 + -3 - (54 - 33 - -2)
-26
Evaluate (7 - 17 - -14) + 3.
7
What is 9 + (0 - 3) - (23 + (-30 - 7))?
20
Evaluate -7 + 0 - -9 - (1 + 6 - 1).
-4
What is -24 + 21 + (-14 - -28) - (-3 + 1)?
13
What is -37 - (-99 + 40 + -4)?
26
8 + -25 - (16 + -39)
6
What is 4 - 0 - (11 - 0)?
-7
(15 - 10) + -24 - (-26 + 35)
-28
What is 12 - 6 - (10 - 8)?
4
Calculate -22 + (5 + 0 + -2 - 3).
-22
Evaluate 12 + -19 + -4 + 6 + 20 + -6.
9
What is the value of -14 + -3 + 5 + (139 - 105)?
22
Calculate 13 + (3 + -20 - -18).
14
(-21 + 25 - 1) + (2 - -7)
12
What is 29 - (-22 - (8 - 37))?
22
Calculate -4 + 37 - (22 + -35 - -29).
17
(39 - (18 - -21)) + 32
32
What is 4 - 9 - (-221 - -220)?
-4
Calculate (-1 - -6 - -15) + (0 - 8).
12
What is -13 + 37 + -26 - (5 + -33)?
26
Evaluate (11 - 24) + 14 + -2.
-1
What is the value of 0 + 8 + 13 + -26 - -9?
4
What is 6 - (-1 + 1) - ((-128 - -56) + 66)?
12
Evaluate -19 + (42 - (11 - 0)).
12
What is the value of 10 - (-7 + -2 + 16)?
3
What is -1 + 17 + -2 + -14?
0
Calculate 14 + -7 - ((16 - 25) + 16 + -6).
6
Calculate 18 + 3 + -101 + 84.
4
What is (-24 - -8) + (1 - 4)?
-19
Calculate 6 + (-1 - 16) + (0 - -5).
-6
What is the value of (7 - (3 + 4)) + -13 + 20?
7
Evaluate (-168 - -159) + (-4 - -2 - 15) + 6.
-20
Calculate 665 + -687 - (-1 - 12).
-9
Evaluate (3 + -9 - -12) + 4.
10
What is the value of (-4 + 7 - 2 - 3) + -2 + -8?
-12
Calculate 4 - (-1 + 2 + -5 + (7 - 1)).
2
What is the value of 8 - (-10 + -5 + 16)?
7
Calculate -19 - (-9 - 17 - -7).
0
What is the value of (14 - 22) + 41 + -6 + 3?
30
What is the value of -20 - -5 - ((-24 - 9) + -2)?
20
Evaluate 19 + -17 - (-2 + -1) - (12 + -8).
1
What is (243 - 248 - (0 - 7 - -2)) + 6?
6
Evaluate -106 + 128 - (2 + 12).
8
What is 9 - (17 - (11 + -1)) - -3 - 3?
2
What is 94 + -94 - (2 + (-24 - -1))?
21
Evaluate (-18 - -57) + (-17 - -1).
23
Evaluate 8 + -7 - (8 + -4 - (-10 + 3)).
-10
What is 22 - (16 - 13) - 11?
8
73 + -70 + (3 - (-1 + -22))
29
What is 4 + (-6 + -9 - -10 - (-1 - -4))?
-4
Calculate 25 + 0 + (60 - 74 - 4).
7
What is the value of 0 + 16 + -10 + -17 - -19?
8
What is 1 + (-7 + 8 - -10) + -15?
-3
What is -2 + 2 + 1 + 6 + -10 - -5?
2
Evaluate 0 + -7 + -91 + 90.
-8
-10 + -4 + 3 + -15 + 25 + 33
32
Evaluate 12 + -1 + 2 - (-47 - (-10 + -34)).
16
Evaluate -8 - (-24 - (21 + -13 + -12)).
12
Evaluate 2 + -3 + 0 + -2 + -11 + 6.
-8
16 + -3 - (-463 - -485)
-9
Evaluate (3 - 2) + 0 + -1 + -8.
-8
14 + (-24 - (-16 + 16))
-10
What is 29 + -29 + (41 - 24)?
17
Evaluate (-45 - -30) + (3 - -15).
3
8 - (360 - 378 - (0 + 15))
41
Evaluate (0 - (-13 - 0)) + (-62 - -68 - 6).
13
Evaluate 5 + 1 + -10 - (5 + -1 - 1).
-7
What is -17 + 18 + 1 + -5?
-3
What is -17 - 1 - (-9 + -31 + 44)?
-22
Evaluate -7 + 1 + (82 - -7) + -57.
26
Evaluate (1 - (0 + -7) - (-452 - -462)) + 27.
25
What is the value of -6 + 10 + 0 + 1 + 17 + -6?
16
What is the value of -19 - (17 + (-4 - 52))?
20
Evaluate -71 + 56 - (-44 + 2 + 5).
22
What is -32 - -1 - (-1880 + 1828)?
21
Evaluate (299 - 290) + (0 - (25 - -1)).
-17
Evaluate (-1 - (-2 + -1) - 6 - -6) + 10.
12
What is -2 + 27 - (-3 + 15)?
13
-10 + 6 + 10 - (-10 + 2)
14
Evaluate -4 + (9 + 5 - 17) + 3.
-4
What is (-72 - -83) + -3 + -6?
2
What is 0 + -6 + -53 + 47 + 38?
26
What is the value of (-2 + -26 - -5) + (-12 - -8)?
-27
What is the value of 24 + -18 + 43 + -37?
12
Calculate (-2 - -3) + 13 + -989 + 980.
5
Calculate -8 - (-11 + 12 + -7).
-2
-9 + (-1 - -6) + -3 + -16 + 14
-9
47 - 56 - (0 + 3)
-12
(-13 - (2 - (-2 - -8))) + -16 + 22
-3
14 + (6 - 8) + 11 + -13
10
-12 - (-4